{"id":93,"date":"2024-02-12T10:37:34","date_gmt":"2024-02-12T09:37:34","guid":{"rendered":"https:\/\/marne-nature.fr\/?page_id=93"},"modified":"2024-04-04T12:45:07","modified_gmt":"2024-04-04T10:45:07","slug":"sciences-participatives","status":"publish","type":"page","link":"https:\/\/marne-nature.fr\/?page_id=93","title":{"rendered":"Sciences Participatives"},"content":{"rendered":"\n<p><em><strong>Vous voulez aider la recherche scientifique et vous former sur des domaines touchant \u00e0 la nature ? Vous trouverez dans les liens suivants mati\u00e8re \u00e0 vous engager\u2026<\/strong><\/em><\/p>\n\n\n\n<ul class=\"wp-block-list\">\n<li>Pour le <strong>changement climatique<\/strong> : Vous voulez aider les chercheurs \u00e0 gagner\u00a0500 ans alors faites des relev\u00e9s pr\u00e8s de chez vous? \u00a0 \u00a0 \u00a0 \u00a0 \u00a0 \u00a0 \u00a0\u00a0 \u00a0 \u00a0 \u00a0 \u00a0 \u00a0 \u00a0 \u00a0 \u00a0 \u00a0 \u00a0 \u00a0\u00a0<a href=\"http:\/\/www.obs-saisons.fr\/participez\/comment-observer\" target=\"_blank\" rel=\"noreferrer noopener\"> <strong>Observatoire des saisons<\/strong><\/a><\/li>\n\n\n\n<li>sur <strong>Vigie nature<\/strong>: observer les oiseaux, les insectes pollinisateurs, les escargots , les papillons, les bourdons , les sauvages de ma rue<br><strong><a href=\"http:\/\/www.vigienature.fr\/\" target=\"_blank\" rel=\"noreferrer noopener\">http:\/\/www.vigienature.fr\/<\/a>\u00a0<\/strong><\/li>\n\n\n\n<li>L\u2019animation de l\u2019<strong>Observatoire des Vers Luisants<\/strong> est un observatoire qui peut compter sur des relais locaux capables de faire passer le message dans chaque jardin ! <br>Le public peut d\u00e9couvrir sans attendre les vers luisants et participer sur le site : <strong><a href=\"http:\/\/www.asterella.eu\/NEOKIPOS\/formulaire0.php?pays=FRANCE&amp;p=\" target=\"_blank\" rel=\"noreferrer noopener\">Observatoire des vers luisants<\/a><\/strong>, les contacter sur une ligne t\u00e9l\u00e9phonique d\u00e9di\u00e9e (07 83 43 62 36), leur envoyer un email \u00e0 l\u2019adresse OVL.france@gmail.com ou prendre sa plus belle plume pour leur \u00e9crire un t\u00e9moignage (Groupe Associatif Estuaire, rue de Louza, 85440 Talmont Saint Hilaire)<\/li>\n\n\n\n<li>L\u2019<strong><a href=\"https:\/\/odonates.pnaopie.fr\/plans-regionaux\/champagne-ardenne\/\" target=\"_blank\" rel=\"noreferrer noopener\">Observatoire des Odonates<\/a><\/strong> (Libellules) de Champagne-Ardenne: retrouvez tout un programme inter-associatif visant \u00e0 promouvoir l\u2019\u00e9tude et la conservation des libellules!<br><strong><a href=\"https:\/\/libellules.pnaopie.fr\/\" target=\"_blank\" rel=\"noreferrer noopener\">https:\/\/libellules.pnaopie.fr\/<\/a><\/strong><\/li>\n\n\n\n<li><strong>Sauvages de ma Rue<\/strong>, le programme\u00a0\u00ab\u00a0Sauvages\u00a0\u00bb\u00a0 de ma rue a pour but de permettre aux citadins de reconna\u00eetre les plantes qui poussent dans leur environnement imm\u00e9diat , celles qu\u2019ils croisent quotidiennement dans leur rue, autour des pieds d\u2019arbres, sur les trottoirs, dans les pelouses\u2026 <br>M\u00eame sans aucune connaissance en botanique, gr\u00e2ce \u00e0 l\u2019utilisation d\u2019outils tr\u00e8s simples, il est possible de faire la liste des esp\u00e8ces qui poussent dans leur rue et ensuite d\u2019 envoyer les donn\u00e9es aux chercheurs gr\u00e2ce au\u00a0 site internet suivant :<strong><a href=\"http:\/\/www.tela-botanica.org\/page:Sauvages_de_ma_rue\" target=\"_blank\" rel=\"noreferrer noopener\">http:\/\/www.tela-botanica.org\/page:Sauvages_de_ma_rue<\/a><\/strong><\/li>\n\n\n\n<li><strong>Observatoire des mares<\/strong> : L\u2019observatoire des mares en Loir-et-Cher est un site internet o\u00f9 vous retrouvez toutes les informations sp\u00e9cifiques aux mares, de leur int\u00e9r\u00eat \u00e9cologique jusqu\u2019\u00e0 l\u2019entretien. <br>A \u00e9valuer la qualit\u00e9 d\u2019une mare : Il s\u2019agit d\u2019\u00e9valuer l\u2019\u00e9tat \u00e9cologique d\u2019une mare en appr\u00e9hendant sa physionomie et son hydrologie, en consid\u00e9rant les milieux environnants ainsi que les activit\u00e9s humaines telles que l\u2019entretien ou l\u2019usage qui en est fait.<br>Pour plus d\u2019informations sur ce projet, des conseils ou tout simplement participer \u00e0 l\u2019observatoire des mares, rendez-vous sur le site internet \u00ab\u00a0<a href=\"http:\/\/cdpne.maps.arcgis.com\/apps\/MapJournal\/index.html?\" target=\"_blank\" rel=\"noreferrer noopener\"><strong>Site de l\u2019observatoire des mares<\/strong><\/a>\u00a0\u00bb<\/li>\n\n\n\n<li>cndpn&nbsp;?<\/li>\n<\/ul>\n","protected":false},"excerpt":{"rendered":"<p>Vous voulez aider la recherche scientifique et vous former sur des domaines touchant \u00e0 la nature ? Vous trouverez dans les liens suivants mati\u00e8re \u00e0 vous engager\u2026<\/p>\n","protected":false},"author":1,"featured_media":235,"parent":0,"menu_order":0,"comment_status":"closed","ping_status":"closed","template":"","meta":{"neve_meta_sidebar":"","neve_meta_container":"","neve_meta_enable_content_width":"","neve_meta_content_width":0,"neve_meta_title_alignment":"","neve_meta_author_avatar":"","neve_post_elements_order":"","neve_meta_disable_header":"","neve_meta_disable_footer":"","neve_meta_disable_title":"","footnotes":""},"class_list":["post-93","page","type-page","status-publish","has-post-thumbnail","hentry"],"_links":{"self":[{"href":"https:\/\/marne-nature.fr\/index.php?rest_route=\/wp\/v2\/pages\/93","targetHints":{"allow":["GET"]}}],"collection":[{"href":"https:\/\/marne-nature.fr\/index.php?rest_route=\/wp\/v2\/pages"}],"about":[{"href":"https:\/\/marne-nature.fr\/index.php?rest_route=\/wp\/v2\/types\/page"}],"author":[{"embeddable":true,"href":"https:\/\/marne-nature.fr\/index.php?rest_route=\/wp\/v2\/users\/1"}],"replies":[{"embeddable":true,"href":"https:\/\/marne-nature.fr\/index.php?rest_route=%2Fwp%2Fv2%2Fcomments&post=93"}],"version-history":[{"count":2,"href":"https:\/\/marne-nature.fr\/index.php?rest_route=\/wp\/v2\/pages\/93\/revisions"}],"predecessor-version":[{"id":233,"href":"https:\/\/marne-nature.fr\/index.php?rest_route=\/wp\/v2\/pages\/93\/revisions\/233"}],"wp:featuredmedia":[{"embeddable":true,"href":"https:\/\/marne-nature.fr\/index.php?rest_route=\/wp\/v2\/media\/235"}],"wp:attachment":[{"href":"https:\/\/marne-nature.fr\/index.php?rest_route=%2Fwp%2Fv2%2Fmedia&parent=93"}],"curies":[{"name":"wp","href":"https:\/\/api.w.org\/{rel}","templated":true}]}}