{"id":91,"date":"2024-02-12T10:36:57","date_gmt":"2024-02-12T09:36:57","guid":{"rendered":"https:\/\/marne-nature.fr\/?page_id=91"},"modified":"2024-12-08T10:47:01","modified_gmt":"2024-12-08T09:47:01","slug":"liens-internet","status":"publish","type":"page","link":"https:\/\/marne-nature.fr\/?page_id=91","title":{"rendered":"Liens INTERNET"},"content":{"rendered":"\n<p>Nous travaillons et avons des liens privil\u00e9gi\u00e9s avec les associations suivantes dont nous vous recommandons la visite des sites, le cas \u00e9ch\u00e9ant:<\/p>\n\n\n\n<p><a href=\"http:\/\/www.aube-durable.fr\/\" target=\"_blank\" rel=\"noreferrer noopener\">Aube Durable<\/a><\/p>\n\n\n\n<p><a href=\"http:\/\/www.naturedunogentais.fr\/\" target=\"_blank\" rel=\"noreferrer noopener\">Association Nature du Nogentais<\/a><\/p>\n\n\n\n<p><a href=\"http:\/\/cen-champagne-ardenne.org\/\" target=\"_blank\" rel=\"noreferrer noopener\">CEN C-A<\/a><\/p>\n\n\n\n<p><a href=\"http:\/\/www.nature-et-avenir.org\/\">www.n<\/a><a href=\"http:\/\/www.nature-et-avenir.org\/\" target=\"_blank\" rel=\"noreferrer noopener\">ature-et-avenir.org<\/a><\/p>\n\n\n\n<p><a href=\"https:\/\/www.renard-asso.org\/\" target=\"_blank\" rel=\"noreferrer noopener\">Association ReNArd<\/a><\/p>\n\n\n\n<p><a href=\"https:\/\/www.facebook.com\/search\/top?q=nature%20haute-marne\" target=\"_blank\" rel=\"noreferrer noopener\">Nature Haute-Marne facebook<\/a><\/p>\n\n\n\n<p><a href=\"https:\/\/www.facebook.com\/search\/top?q=marne%20nature%20environnement\" data-type=\"link\" data-id=\"https:\/\/www.facebook.com\/search\/top?q=marne%20nature%20environnement\" target=\"_blank\" rel=\"noreferrer noopener\">Marne Nature facebook<\/a><\/p>\n\n\n\n<p><a href=\"https:\/\/www.facebook.com\/cane.assos.1\" data-type=\"link\" data-id=\"https:\/\/www.facebook.com\/cane.assos.1\" target=\"_blank\" rel=\"noreferrer noopener\">Champagne Ardenne Nature Environnement facebook<\/a><\/p>\n\n\n\n<p><\/p>\n","protected":false},"excerpt":{"rendered":"<p>Nous travaillons et avons des liens privil\u00e9gi\u00e9s avec les associations suivantes dont nous vous recommandons la visite des sites, le cas \u00e9ch\u00e9ant: Aube Durable Association Nature du Nogentais CEN C-A&hellip;&nbsp;<a href=\"https:\/\/marne-nature.fr\/?page_id=91\" rel=\"bookmark\">Lire la suite &raquo;<span class=\"screen-reader-text\">Liens INTERNET<\/span><\/a><\/p>\n","protected":false},"author":1,"featured_media":0,"parent":0,"menu_order":0,"comment_status":"closed","ping_status":"closed","template":"","meta":{"neve_meta_sidebar":"","neve_meta_container":"","neve_meta_enable_content_width":"","neve_meta_content_width":0,"neve_meta_title_alignment":"","neve_meta_author_avatar":"","neve_post_elements_order":"","neve_meta_disable_header":"","neve_meta_disable_footer":"","neve_meta_disable_title":"","footnotes":""},"class_list":["post-91","page","type-page","status-publish","hentry"],"_links":{"self":[{"href":"https:\/\/marne-nature.fr\/index.php?rest_route=\/wp\/v2\/pages\/91","targetHints":{"allow":["GET"]}}],"collection":[{"href":"https:\/\/marne-nature.fr\/index.php?rest_route=\/wp\/v2\/pages"}],"about":[{"href":"https:\/\/marne-nature.fr\/index.php?rest_route=\/wp\/v2\/types\/page"}],"author":[{"embeddable":true,"href":"https:\/\/marne-nature.fr\/index.php?rest_route=\/wp\/v2\/users\/1"}],"replies":[{"embeddable":true,"href":"https:\/\/marne-nature.fr\/index.php?rest_route=%2Fwp%2Fv2%2Fcomments&post=91"}],"version-history":[{"count":6,"href":"https:\/\/marne-nature.fr\/index.php?rest_route=\/wp\/v2\/pages\/91\/revisions"}],"predecessor-version":[{"id":492,"href":"https:\/\/marne-nature.fr\/index.php?rest_route=\/wp\/v2\/pages\/91\/revisions\/492"}],"wp:attachment":[{"href":"https:\/\/marne-nature.fr\/index.php?rest_route=%2Fwp%2Fv2%2Fmedia&parent=91"}],"curies":[{"name":"wp","href":"https:\/\/api.w.org\/{rel}","templated":true}]}}