{"id":81,"date":"2024-02-12T10:34:03","date_gmt":"2024-02-12T09:34:03","guid":{"rendered":"https:\/\/marne-nature.fr\/?page_id=81"},"modified":"2024-04-04T18:02:11","modified_gmt":"2024-04-04T16:02:11","slug":"marais-de-saint-gond","status":"publish","type":"page","link":"https:\/\/marne-nature.fr\/?page_id=81","title":{"rendered":"Marais de Saint Gond"},"content":{"rendered":"\n<figure class=\"wp-block-image size-full is-resized\"><a href=\"https:\/\/marne-nature.fr\/wp-content\/uploads\/2024\/04\/saint-gond-marais-pres.png\"><img loading=\"lazy\" decoding=\"async\" width=\"699\" height=\"189\" src=\"https:\/\/marne-nature.fr\/wp-content\/uploads\/2024\/04\/saint-gond-marais-pres.png\" alt=\"\" class=\"wp-image-322\" style=\"width:991px;height:auto\" srcset=\"https:\/\/marne-nature.fr\/wp-content\/uploads\/2024\/04\/saint-gond-marais-pres.png 699w, https:\/\/marne-nature.fr\/wp-content\/uploads\/2024\/04\/saint-gond-marais-pres-300x81.png 300w\" sizes=\"auto, (max-width: 699px) 100vw, 699px\" \/><\/a><\/figure>\n\n\n\n<p>MARAIS DE ST GOND<\/p>\n\n\n\n<p>Les marais sont avant tout une des 2 plus vastes tourbi\u00e8res neutro-alcalines de France avec une biodiversit\u00e9 exceptionnelle li\u00e9e \u00e0 la juxtaposition de milieux vari\u00e9s (succession de petites buttes (s\u00e9cherons) et de \u00ab\u00a0creux\u00a0\u00bb plus ou moins profonds contenant de l\u2019eau). <br>Ils sont class\u00e9s en ZNIEFF de type 1 et en ZICO. Ils ont une superficie (en forte diminution depuis plus d\u2019un si\u00e8cle) d\u2019environ 1500ha dont 1100ha sont class\u00e9s en Natura 2000. <br>Ces terrains appartiennent soit \u00e0 des propri\u00e9taires priv\u00e9s (la plus grande partie) soit \u00e0 des communes. La tourbe, lorsqu\u2019elle n\u2019a pas \u00e9t\u00e9 min\u00e9ralis\u00e9e par ass\u00e8chement, constitue une r\u00e9serve d\u2019eau (nappe alluviale) qui est en relation avec la nappe phr\u00e9atique sous-jacente. Cette nappe est d\u00e9j\u00e0 exploit\u00e9e par des forages dont l\u2019eau alimente quelques communes du marais mais \u00e9galement des communes tr\u00e8s \u00e9loign\u00e9es (jusqu\u2019\u00e0 Gaye, Pleurs, Marigny pour celui de Broussy le petit, jusqu\u2019\u00e0 Vertus pour celui de Vert-Toulon). Cette eau a longtemps \u00e9t\u00e9 de bonne qualit\u00e9 gr\u00e2ce \u00e0 la tourbe (d\u00e9composition des nitrates par des microorganismes,stockage des pesticides,\u2026). <br>Un nouveau projet de forage \u00e0 Coizard-Joche, en zone Natura 2000, destin\u00e9 \u00e0 alimenter la communaut\u00e9 de communes de la Brie des \u00e9tangs (CCBE), <br>a \u00e9t\u00e9 soumis \u00e0 enqu\u00eate publique en avril 2012.<br>Les ressources en eau actuelles de la CCBE sont plus que suffisantes en quantit\u00e9 pour alimenter les communes mais certains captages sont pollu\u00e9s par des nitrates, d\u2019autres par des pesticides, d\u2019autres par les 2. D\u2019o\u00f9 le projet. <br>Face au m\u00eame probl\u00e8me, le syndicat d\u2019adduction d\u2019eau de Mondement a pr\u00e9f\u00e9r\u00e9 installer une unit\u00e9 de traitement des pesticides pour \u00e9viter d\u2019impacter le marais\u2026<\/p>\n\n\n\n<p>PROBLEMES&nbsp; POSES&nbsp; PAR CE FORAGE<\/p>\n\n\n\n<p>Les marais sont d\u00e9j\u00e0 en train de s\u2019ass\u00e9cher, d\u2019une part \u00e0 cause du drainage et de la non efficacit\u00e9 des vannages sur le Petit-Morin qui sont de vraies \u00abpassoires\u00bb et ne permettent plus de retenir de l\u2019eau dans le marais en p\u00e9riode d\u2019\u00e9tiage et d\u2019autre part \u00e0 cause des forages pour l\u2019alimentation en eau de communes situ\u00e9es en dehors des marais (l\u2019eau pr\u00e9lev\u00e9e est rejet\u00e9e dans d\u2019autres bassins versants au lieu de revenir aux marais). <br>Le nouveau forage aggraverait ce probl\u00e8me et acc\u00e9l\u00e9rerait l\u2019ass\u00e8chement des marais.<\/p>\n\n\n\n<p>Pour utiliser cette ressource il sera d\u00e9j\u00e0 n\u00e9cessaire de traiter l\u2019eau du forage \u00e0 la fois pour la turbidit\u00e9 (pr\u00e9sence de particules en suspension) et \u00e0 cause de la pr\u00e9sence de fer. De plus les eaux sont en limite de potabilit\u00e9 pour le s\u00e9l\u00e9nium (lib\u00e9r\u00e9 \u00e0 partir de traitements fongicides utilis\u00e9s par les viticulteurs et qu\u2019il est impossible de traiter) ainsi que pour les nitrates (\u00e0 32\u00b5g\/l et en hausse), ce qui soul\u00e8ve des doutes sur la p\u00e9rennit\u00e9 du projet. <br>Tout r\u00e9cemment des perchlorates (?) (qui seraient lib\u00e9r\u00e9s par des munitions (obus ?) utilis\u00e9es dans les marais pendant la Bataille de la Marne) ont \u00e9t\u00e9 trouv\u00e9s dans certains captages et il est vraisemblable que ce serait aussi le cas dans celui de Coizard.<br>A suivre. Des analyses vont \u00eatre demand\u00e9es.<\/p>\n\n\n\n<p>Il existe une solution alternative \u00e9vitant de pr\u00e9lever de l\u2019eau dans le marais \u00e9tudi\u00e9e par M. Jean-Michel Pilard et par le maire de Mareuil en Brie (M. Jos\u00e9 Miguel)<\/p>\n\n\n\n<p>Le dossier complet:\u00a0 <a href=\"http:\/\/s622233640.onlinehome.fr\/wp-content\/uploads\/2016\/04\/LesMaraisenDANGER.doc\" target=\"_blank\" rel=\"noreferrer noopener\">Les Marais en DANGER!<\/a><\/p>\n\n\n\n<figure class=\"wp-block-image size-full\"><a href=\"https:\/\/marne-nature.fr\/wp-content\/uploads\/2024\/04\/Rebouchage-du-marais-de-st-Gond-.jpg\"><img loading=\"lazy\" decoding=\"async\" width=\"1024\" height=\"768\" src=\"https:\/\/marne-nature.fr\/wp-content\/uploads\/2024\/04\/Rebouchage-du-marais-de-st-Gond-.jpg\" alt=\"\" class=\"wp-image-323\" srcset=\"https:\/\/marne-nature.fr\/wp-content\/uploads\/2024\/04\/Rebouchage-du-marais-de-st-Gond-.jpg 1024w, https:\/\/marne-nature.fr\/wp-content\/uploads\/2024\/04\/Rebouchage-du-marais-de-st-Gond--300x225.jpg 300w, https:\/\/marne-nature.fr\/wp-content\/uploads\/2024\/04\/Rebouchage-du-marais-de-st-Gond--768x576.jpg 768w\" sizes=\"auto, (max-width: 1024px) 100vw, 1024px\" \/><\/a><\/figure>\n","protected":false},"excerpt":{"rendered":"<p>MARAIS DE ST GOND Les marais sont avant tout une des 2 plus vastes tourbi\u00e8res neutro-alcalines de France avec une biodiversit\u00e9 exceptionnelle li\u00e9e \u00e0 la juxtaposition de milieux vari\u00e9s (succession&hellip;&nbsp;<a href=\"https:\/\/marne-nature.fr\/?page_id=81\" rel=\"bookmark\">Lire la suite &raquo;<span class=\"screen-reader-text\">Marais de Saint Gond<\/span><\/a><\/p>\n","protected":false},"author":1,"featured_media":0,"parent":0,"menu_order":0,"comment_status":"closed","ping_status":"closed","template":"","meta":{"neve_meta_sidebar":"","neve_meta_container":"","neve_meta_enable_content_width":"","neve_meta_content_width":0,"neve_meta_title_alignment":"","neve_meta_author_avatar":"","neve_post_elements_order":"","neve_meta_disable_header":"","neve_meta_disable_footer":"","neve_meta_disable_title":"","footnotes":""},"class_list":["post-81","page","type-page","status-publish","hentry"],"_links":{"self":[{"href":"https:\/\/marne-nature.fr\/index.php?rest_route=\/wp\/v2\/pages\/81","targetHints":{"allow":["GET"]}}],"collection":[{"href":"https:\/\/marne-nature.fr\/index.php?rest_route=\/wp\/v2\/pages"}],"about":[{"href":"https:\/\/marne-nature.fr\/index.php?rest_route=\/wp\/v2\/types\/page"}],"author":[{"embeddable":true,"href":"https:\/\/marne-nature.fr\/index.php?rest_route=\/wp\/v2\/users\/1"}],"replies":[{"embeddable":true,"href":"https:\/\/marne-nature.fr\/index.php?rest_route=%2Fwp%2Fv2%2Fcomments&post=81"}],"version-history":[{"count":2,"href":"https:\/\/marne-nature.fr\/index.php?rest_route=\/wp\/v2\/pages\/81\/revisions"}],"predecessor-version":[{"id":324,"href":"https:\/\/marne-nature.fr\/index.php?rest_route=\/wp\/v2\/pages\/81\/revisions\/324"}],"wp:attachment":[{"href":"https:\/\/marne-nature.fr\/index.php?rest_route=%2Fwp%2Fv2%2Fmedia&parent=81"}],"curies":[{"name":"wp","href":"https:\/\/api.w.org\/{rel}","templated":true}]}}