{"id":509,"date":"2025-02-18T15:39:03","date_gmt":"2025-02-18T14:39:03","guid":{"rendered":"https:\/\/marne-nature.fr\/?page_id=509"},"modified":"2025-02-18T15:39:03","modified_gmt":"2025-02-18T14:39:03","slug":"des-cartes-moches","status":"publish","type":"page","link":"https:\/\/marne-nature.fr\/?page_id=509","title":{"rendered":"DES CARTES MOCHES"},"content":{"rendered":"\n<p>Bonjour <\/p>\n\n\n\n<p>2025 nous apporte de mauvaises nouvelles. Une loi viendrait \u00e0 \u00eatre vot\u00e9e pour retourner 20 ans en arri\u00e8re:<\/p>\n\n\n\n<p>d\u00e9p\u00e9naliser les infractions environnementales pour les agriculteurs; ensuite r\u00e9-autoriser tout un tas de produits nocifs pour la sant\u00e9 , comme les n\u00e9onicotino\u00efdes ou autres produits perturbateurs endocriniens;<\/p>\n\n\n\n<p>On en est encore \u00e0 justifier que c&rsquo;est pour notre bien , parce qu&rsquo;il faut nourrir la terre enti\u00e8re etc, arguments d&rsquo;un autre \u00e2ge et tout a fait  hors sol. <\/p>\n\n\n\n<p>Cela fait longtemps que l&rsquo;agriculture fran\u00e7aise est une industrie et les derniers paysans  sont en train de dispara\u00eetre. Donc nous allons vers une industrie extr\u00eamement polluante, destructrice de l&rsquo;environnement, voire nocive en terme de sant\u00e9.<\/p>\n\n\n\n<p>Bon que voit on? <\/p>\n\n\n\n<p><strong>LA CARTE DES PFAS<\/strong> : les polluants eternels; Y&rsquo;en a ti chez nous?<\/p>\n\n\n\n<p>Merci aux journalistes du Monde pour ce travail fourmidable. Voil\u00e0 allez-y  activez le bouton Zoomer et ensuite allez sur votre secteur pour voir tout \u00e7a. Les autres onglets donnent des \u00e9l\u00e9ments compl\u00e9mentaires et o\u00f9 l&rsquo;on voit que Reims n&rsquo;est pas \u00e9pargn\u00e9e.<\/p>\n\n\n\n<p>Moche  ah oui!<\/p>\n\n\n\n<p><a href=\"https:\/\/www.lemonde.fr\/les-decodeurs\/article\/2023\/02\/23\/polluants-eternels-explorez-la-carte-d-europe-de-la-contamination-par-les-pfas_6162942_4355770.html?\" target=\"_blank\" rel=\"noreferrer noopener\">https:\/\/www.lemonde.fr\/les-decodeurs\/article\/2023\/02\/23\/polluants-eternels-explorez-la-carte-d-europe-de-la-contamination-par-les-pfas_6162942_4355770.html?<\/a><\/p>\n\n\n\n<figure class=\"wp-block-image size-full\"><img loading=\"lazy\" decoding=\"async\" width=\"678\" height=\"338\" src=\"https:\/\/marne-nature.fr\/wp-content\/uploads\/2025\/02\/Carte-PFAS.png\" alt=\"\" class=\"wp-image-510\" srcset=\"https:\/\/marne-nature.fr\/wp-content\/uploads\/2025\/02\/Carte-PFAS.png 678w, https:\/\/marne-nature.fr\/wp-content\/uploads\/2025\/02\/Carte-PFAS-300x150.png 300w\" sizes=\"auto, (max-width: 678px) 100vw, 678px\" \/><\/figure>\n\n\n\n<p><\/p>\n\n\n\n<p><strong>LA CARTE DES ACHATS de PESTICIDES<\/strong><\/p>\n\n\n\n<p>Et puis gr\u00e2ce \u00e0 nous amis de G\u00e9n\u00e9rations Futures, nous disposons de cette carte des achats de pesticides; il faut dire pesticides ou biocides ce sont les termes ad\u00e9quats. Et qui ne donnent pas envie de se nourrir avec les produits issus de ces m\u00e9thodes de culture.<\/p>\n\n\n\n<figure class=\"wp-block-image size-full\"><img loading=\"lazy\" decoding=\"async\" width=\"615\" height=\"350\" src=\"https:\/\/marne-nature.fr\/wp-content\/uploads\/2025\/02\/CARTE-achats-Pesticides.png\" alt=\"\" class=\"wp-image-511\" srcset=\"https:\/\/marne-nature.fr\/wp-content\/uploads\/2025\/02\/CARTE-achats-Pesticides.png 615w, https:\/\/marne-nature.fr\/wp-content\/uploads\/2025\/02\/CARTE-achats-Pesticides-300x171.png 300w\" sizes=\"auto, (max-width: 615px) 100vw, 615px\" \/><\/figure>\n\n\n\n<p>Ah ben tiens  , la MARNE est en  deuxi\u00e8me position. 2795 Tonnes! pr\u00e8s de  800 tonnes de soufre et puis le prosulfocarbe  205T et le glyphosate  175 T. Et puis encore du soufre. Souffrez d&rsquo;apprendre que nous vivons  tr\u00e8s concern\u00e9s par ces produits qu&rsquo;on retrouve dans l&rsquo;air des villes pour moiti\u00e9 de la pollution. <\/p>\n\n\n\n<p>En effet, selon l\u2019Organisation mondiale de la sant\u00e9 (OMS), chaque ann\u00e9e, pr\u00e8s de 7 millions de d\u00e9c\u00e8s pr\u00e9matur\u00e9s sont imputables \u00e0 la pollution de l\u2019air ext\u00e9rieur et int\u00e9rieur au niveau mondial, en raison des contaminants chimiques, physiques ou biologiques qui peuvent alt\u00e9rer la sant\u00e9.<\/p>\n\n\n\n<p>Bon   ben c&rsquo;est vraiment moche. Que font  les \u00e9lus? Qui repr\u00e9sentent ils?. <\/p>\n\n\n\n<p>Bon tenez vous bien, nous sommes le  18  fevrier , il commence  \u00e0 faire beau , les tracteurs sont de sortie, les motos , les voitures, les camions et tout et tout, et d&rsquo;ici quelques jours la FRANCE sera pass\u00e9e au Round &lsquo;Up ou par ce style de produits. Et d&rsquo;ici  3 semaines , refleuriront les champs  oranges.  Vive le printemps!<\/p>\n\n\n\n<p>Tout cela est \u00e0 rapprocher de la probl\u00e9matique de la pollution des eaux de  136 communes en MARNE.<\/p>\n\n\n\n<p><a href=\"https:\/\/www.google.com\/search?client=firefox-b-d&amp;q=generations+futures+carte+pesticides\" target=\"_blank\" rel=\"noreferrer noopener\">https:\/\/www.google.com\/search?client=firefox-b-d&amp;q=generations+futures+carte+pesticides<\/a><\/p>\n","protected":false},"excerpt":{"rendered":"<p>Bonjour 2025 nous apporte de mauvaises nouvelles. Une loi viendrait \u00e0 \u00eatre vot\u00e9e pour retourner 20 ans en arri\u00e8re: d\u00e9p\u00e9naliser les infractions environnementales pour les agriculteurs; ensuite r\u00e9-autoriser tout un&hellip;&nbsp;<a href=\"https:\/\/marne-nature.fr\/?page_id=509\" rel=\"bookmark\">Lire la suite &raquo;<span class=\"screen-reader-text\">DES CARTES MOCHES<\/span><\/a><\/p>\n","protected":false},"author":1,"featured_media":0,"parent":0,"menu_order":0,"comment_status":"closed","ping_status":"closed","template":"","meta":{"neve_meta_sidebar":"","neve_meta_container":"","neve_meta_enable_content_width":"","neve_meta_content_width":0,"neve_meta_title_alignment":"","neve_meta_author_avatar":"","neve_post_elements_order":"","neve_meta_disable_header":"","neve_meta_disable_footer":"","neve_meta_disable_title":"","footnotes":""},"class_list":["post-509","page","type-page","status-publish","hentry"],"_links":{"self":[{"href":"https:\/\/marne-nature.fr\/index.php?rest_route=\/wp\/v2\/pages\/509","targetHints":{"allow":["GET"]}}],"collection":[{"href":"https:\/\/marne-nature.fr\/index.php?rest_route=\/wp\/v2\/pages"}],"about":[{"href":"https:\/\/marne-nature.fr\/index.php?rest_route=\/wp\/v2\/types\/page"}],"author":[{"embeddable":true,"href":"https:\/\/marne-nature.fr\/index.php?rest_route=\/wp\/v2\/users\/1"}],"replies":[{"embeddable":true,"href":"https:\/\/marne-nature.fr\/index.php?rest_route=%2Fwp%2Fv2%2Fcomments&post=509"}],"version-history":[{"count":1,"href":"https:\/\/marne-nature.fr\/index.php?rest_route=\/wp\/v2\/pages\/509\/revisions"}],"predecessor-version":[{"id":512,"href":"https:\/\/marne-nature.fr\/index.php?rest_route=\/wp\/v2\/pages\/509\/revisions\/512"}],"wp:attachment":[{"href":"https:\/\/marne-nature.fr\/index.php?rest_route=%2Fwp%2Fv2%2Fmedia&parent=509"}],"curies":[{"name":"wp","href":"https:\/\/api.w.org\/{rel}","templated":true}]}}